t is the highest common divisor of 15 and s?
3
Suppose 2*f - 48 = -2*f. Suppose 4*h + 123 = 3*r + 418, r + 89 = -h. Let b = r + 201. Calculate the highest common factor of f and b.
12
Let d be (6/3 - 48)/(-2). Let f(x) = 2*x**2 - 9*x + 73. Let q(w) = w**2 - w - 60. Let i be q(9). Let m be f(i). Calculate the greatest common factor of m and d.
23
Let c be (-15)/(-2)*26/3. Let b = 406 + 29. Let k = b - 409. Calculate the greatest common factor of k and c.
13
Let r(a) = -a**3 - 7*a**2 + 14*a + 142. Let m be r(-7). What is the highest common factor of 41 and m?
1
Let x = -4763 - -6191. Calculate the highest common factor of 136 and x.
68
Let h = 11 + -21. Let j(s) be the second derivative of s**3/6 + 16*s**2 + 4*s. Let w be j(h). Calculate the greatest common divisor of 11 and w.
11
Suppose -2*c - 3*s = -10 - 5, -2*s = -6. Suppose 8*p - c*p + l - 241 = 0, -4*p + l + 191 = 0. Calculate the highest common factor of p and 12.
12
Suppose -4052297 = -215*q + 8638078. Calculate the highest common factor of q and 15.
15
Let t(w) = 2*w**3 - 309*w**2 - 1116*w + 1622. Let r be t(158). Let o = 509 - 278. Calculate the highest common factor of o and r.
21
Suppose -1143*n = -1166*n + 57937. What is the highest common divisor of n and 22?
11
Let p be (-2760)/(-22) + (-438)/(-803). Calculate the highest common divisor of 288 and p.
18
Let l(f) be the first derivative of f**3/3 - f**2 + 6*f - 14. Let a be l(4). Suppose 11*s = a*s - 792. What is the highest common divisor of 33 and s?
33
Let z be 297626/245 - (-3)/15. What is the highest common divisor of z and 105?
15
Let q be -285*(9 - 1167/65) - 6/(-39). What is the highest common divisor of 154 and q?
22
Let p = -132 + 196. What is the greatest common factor of p and 10784?
32
Let f be (3 - 6)/(-1 + 14/20). Let x = f - 71. Let t = x - -83. What is the greatest common factor of t and 44?
22
Suppose f + 124 = t - 3*f, 2 = f. Let l = 93 + -81. Calculate the highest common factor of l and t.
12
Let k(l) = -22*l - 821. Let q(z) = 11*z + 409. Let n(x) = -2*k(x) - 5*q(x). Let c be n(-53). Calculate the greatest common divisor of 20 and c.
20
Let z be 73/(1 + 2 - 2). Let j be (-18)/21*(-56)/12. Let q be z/j - (-3)/(-12). What is the highest common factor of 162 and q?
18
Suppose -10*m - 6578 = -33*m. Suppose t - 4*n - m = -2*n, 4*t + n = 1144. What is the highest common factor of t and 26?
26
Suppose -1112 + 452 = -4*b. Suppose -11*c - 990 = -29*c. Calculate the highest common factor of b and c.
55
Suppose -2*u = -205 - 191. Suppose 3*m + 3*a - 924 = -720, 0 = 3*m - a - 220. What is the greatest common factor of m and u?
18
Let o be 54078 - (-23 + -10 - -15). What is the highest common divisor of o and 168?
168
Let d(a) = -12*a + 879. Let j be d(32). Suppose 3*w + 3*i = 132, -3*w - w - 3*i + 177 = 0. What is the greatest common factor of w and j?
45
Suppose 13*l = -2558 + 140. Let n = 192 + l. Calculate the greatest common factor of 4 and n.
2
Suppose i + 3*k = -8, -24 = -i - 2*k - 28. Let n = -21 + 3. Let w = -14 - n. Calculate the greatest common factor of i and w.
4
Let a(u) = u**2 - 96*u + 887. Let c be a(86). Calculate the greatest common divisor of c and 132.
3
Let v = 135 + -133. Suppose 0 = 3*d - 152 + v. Suppose -d = -3*s - 26. Calculate the greatest common divisor of 72 and s.
8
Let y(o) = o**3 + 6*o**2 + 4*o - 14. Let n be y(-4). Suppose -16 = 5*a - 1, 0 = -u + n*a + 21. Calculate the highest common factor of 255 and u.
15
Let l be 3/(-27) - (-292100)/207. What is the highest common divisor of 83 and l?
83
Let i = -1076 + 1777. Suppose 18*h - i - 1315 = 0. Let l = -20 - -48. Calculate the highest common divisor of h and l.
28
Let n(q) = 332*q - 288. Let p be n(2). Calculate the greatest common factor of 94 and p.
94
Let a be ((-16)/(-20)*2)/(8/20). Suppose 63 = 3*x + 4*p - p, 89 = a*x - p. Calculate the highest common divisor of 2 and x.
2
Let z be 2 - ((-2)/(-8) - (-1)/(-4)). Suppose g = z*u - 6, g + 3 = 1. Let l be 2 + u/(-1 + 2). Calculate the highest common divisor of l and 32.
4
Suppose 0 = -5*j - 30, 4*k - 4*j - 96 = -2*j. What is the greatest common divisor of 217 and k?
7
Let k(o) = 12*o**3 - 13*o**2 + 5*o - 4. Let z(c) = c**3 + c**2 + 17*c + 5. Let f be z(0). Let j be k(f). Calculate the greatest common divisor of 13 and j.
13
Suppose 13*a - 8*a - 25 = 0, 0 = 5*y + 4*a - 30. Suppose -4 = -0*t - y*t + 2*g, 4*g = 20. Let j = 21 + -14. Calculate the greatest common factor of t and j.
7
Let h(l) = 2*l**2 + 22*l + 8. Suppose 4*v = 4*z + 60, 2*z - z + 2*v + 3 = 0. Let c be h(z). Calculate the highest common factor of 1 and c.
1
Let s = -60 - -51. Let i(a) = -a**2 - 15*a - 14. Let o be i(s). Calculate the greatest common factor of o and 280.
40
Suppose 0 = 1070*o - 1065*o + 70. Let p = o + 28. Let x = -30 + 86. What is the greatest common factor of p and x?
14
Let u(i) = 2*i**2 - 12*i - 546. Let s be u(-17). Calculate the greatest common factor of 4838 and s.
118
Let l be (-87)/(-203) + (-1306062)/(-126). What is the greatest common divisor of l and 730?
146
Let f(p) = -p**3 + p**2 + 2*p + 125. Let j(b) = b**3 + 9*b**2 + 4*b - 32. Let w be j(-8). Let r be f(w). Calculate the highest common factor of r and 15.
5
Let h = -70 + 358. Let v be (-5)/55 - h/(-22). What is the highest common divisor of v and 4?
1
Let n = -97 + 92. Let t be (5*(-2)/n - 9)/(-1). What is the highest common factor of t and 77?
7
Suppose a = 5*a - 176. Let m = -39 + a. Suppose -4*p = m*z - 73, 5*p + z = -z + 87. What is the highest common factor of p and 68?
17
Let t(u) = 142*u - 85. Let j be t(4). What is the highest common factor of 6 and j?
3
Suppose -s + 5*s - 200 = 0. Suppose 0 = l - 176 + s. Let n(j) = -j**2 - 15*j + 7. Let m be n(-14). What is the highest common factor of l and m?
21
Suppose 3*w - 32 = 4*w + 2*m, 0 = -4*w + 3*m - 139. Let l = -34 - w. Suppose 144 = -l*x + 4*x. Calculate the greatest common factor of 90 and x.
18
Let d = -114 - -257. Suppose 0 = -147*q + d*q + 188. What is the highest common divisor of q and 329?
47
Let t = 124 - 76. Let l = -252 - -252. Suppose l = -70*m + 61*m + 648. What is the greatest common divisor of m and t?
24
Let v = 87 + -85. Suppose -v*s = -3*d - 23 + 1, -5*d = -2*s + 26. Calculate the highest common factor of 28 and s.
4
Let a be -2 - -5*(-4)/20. Let x be 302/a*15/(-10). Let d = x - 31. What is the highest common divisor of d and 24?
24
Let w = 17896 + -17626. What is the greatest common divisor of 250 and w?
10
Let j be 24/(-1*(-3)/(-2)). Let y = j - -25. Suppose 0 = 22*t - 16*t - 270. Calculate the highest common factor of y and t.
9
Let a be (-38 + 283)/((-6)/(-678)). What is the highest common factor of 113 and a?
113
Let d(u) = -4*u**3 - 17*u**2 + 25*u + 40. Let h be d(-6). Let r(p) = 21*p**2 - 5*p - 5. Let q be r(-6). What is the highest common divisor of h and q?
71
Suppose -8*p + 5*p = 0. Let w(a) = -a + 26. Let l be w(p). Let t = -2175 - -2214. Calculate the greatest common divisor of l and t.
13
Suppose u + 3*i = 4, 3*u = -0*u - 4*i + 7. Suppose 0 = w + 3, 3*w - 12 - 3 = 2*x. Let t be 0/u - (x + 9). What is the highest common factor of 3 and t?
3
Suppose -8 = -3*x + 25. Let j(l) = -32*l - 83. Let m(p) = 33*p + 82. Let b(s) = -3*j(s) - 4*m(s). Let v be b(-8). What is the greatest common factor of x and v?
11
Suppose 0 = -0*k - k + 21. Let a be (-1)/((28/2748)/(-7)). Suppose -4*c + 221 = -3*c - 5*z, -a = -3*c + 3*z. Calculate the highest common divisor of k and c.
21
Let x(g) = g + 2237. Let c be x(26). What is the greatest common divisor of c and 31?
31
Suppose 4*b - 360 = -2*k, -2*k - 558 = -4*b - 182. Suppose -t = 0, 5*q = 2*t - 0*t + 345. Calculate the highest common factor of q and b.
23
Let m = -84 - -88. Suppose -67 = -m*f + 5*d, -3*f + 30 = 11*d - 8*d. Calculate the highest common divisor of 13 and f.
13
Let k = -94 - -97. Suppose -38 = k*h - 14. Let c be 2 + 5 - 40/h. Calculate the greatest common factor of c and 6.
6
Suppose 9*j - 5*b = 14*j + 200, -b = -4*j - 145. Let w(o) = o + 39. Let q be w(j). Calculate the highest common factor of q and 10.
2
Suppose 6*q - 3*q = 78. Suppose -16*c + 22*c = -24*c + 7020. Calculate the greatest common divisor of c and q.
26
Suppose 2*p - 3 = -11, 2*p = -3*j + 430. Let z = -91 + j. Calculate the greatest common divisor of z 